**2 + 39*u - 272. Give j(32).
-48
Let v(h) = -h**3 - 138*h**2 + 142*h + 411. Determine v(-139).
-6
Let w(g) = 28*g + 863. Determine w(-18).
359
Let n(d) = d**3 - 88*d**2 + 1544*d - 506. What is n(64)?
6
Let k(y) = -2*y**3 + 43*y**2 + 27*y - 6. Give k(22).
104
Let k(z) = 9*z**2 - 303*z + 69. Calculate k(34).
171
Let c(a) = -a**2 - 7237*a + 225315. Determine c(31).
7
Let v(s) = 4*s**2 + 17*s + 21. Give v(-5).
36
Let l(g) = -3*g**2 - 67*g + 6. Calculate l(-22).
28
Let n(f) = 3*f**3 + 8*f**2 - 12*f - 20. What is n(-3)?
7
Let d(z) = z**3 - 6*z**2 + 3*z + 9. Give d(5).
-1
Let m(f) = f**2 + 22*f + 82. What is m(-14)?
-30
Let j(k) = 2839*k + 31236. Calculate j(-11).
7
Let h(x) = 8*x**2 + 534*x - 75. Calculate h(-67).
59
Let q(s) = -5*s**2 - 89*s - 408. Calculate q(-5).
-88
Let z(q) = -q**3 - 36*q**2 - 176*q + 63. Give z(-30).
-57
Let g(f) = f**2 + 6*f - 145. Determine g(11).
42
Let v(t) = 273*t - 17477. Determine v(64).
-5
Let x(u) = -37*u + 1218. Give x(16).
626
Let n(q) = -q**3 - 16*q**2 - 115*q - 978. Determine n(-13).
10
Let o(r) = -r**3 - 96*r**2 - 99*r + 5. What is o(-95)?
385
Let u(o) = 200*o - 2482. Determine u(12).
-82
Let v(h) = -4*h**2 + 51*h - 278. What is v(10)?
-168
Let y(g) = -796*g - 15142. Calculate y(-19).
-18
Let t(u) = 6*u + 8. Give t(4).
32
Let x(o) = -o**3 + 12*o**2 - 50*o + 106. What is x(7)?
1
Let c(h) = 39*h + 920. Give c(-26).
-94
Let l(g) = g**3 + 71*g**2 + 148*g + 662. Determine l(-69).
-28
Let l(v) = -4*v - 90. What is l(-23)?
2
Let i(t) = -t**3 - 9*t**2 - 7*t + 71. Give i(-8).
63
Let f(z) = -175*z - 4905. Give f(-28).
-5
Let k(a) = -a**2 - 15*a + 749. Calculate k(21).
-7
Let f(s) = 3*s**3 + 150*s**2 + 292*s + 201. Calculate f(-48).
9
Let a(d) = -19*d**2 + 157*d - 28. Determine a(8).
12
Let y(x) = x**3 + 10*x**2 + 38. Give y(-11).
-83
Let o(c) = c**2 - 13*c - 1606. Give o(47).
-8
Let m(g) = -186*g - 13232. Determine m(-71).
-26
Let x(i) = -i**3 + 40*i**2 + 34*i + 251. What is x(41)?
-36
Let r(n) = -n**3 - n**2 + 23*n - 17. Calculate r(-8).
247
Let n(q) = 2*q**3 - 336*q**2 - 1727*q - 507. What is n(173)?
12
Let s(g) = 166*g - 11794. What is s(71)?
-8
Let f(x) = -35*x**3 - 2*x**2 + 3*x - 3. Give f(1).
-37
Let b(a) = -a**2 + 29*a + 865. Give b(-19).
-47
Let o(v) = v**3 + 62*v**2 - 74*v - 684. Determine o(-63).
9
Let t(v) = -1112*v**2 - 21131*v - 21. Calculate t(-19).
36
Let t(m) = -m**3 + m**2 + 989*m - 2940. Calculate t(3).
9
Let w(z) = -3*z - 199. Determine w(-7).
-178
Let n(z) = -36*z**2 + 20*z + 42. What is n(-2)?
-142
Let i(y) = -y**3 - 7*y**2 + 2*y - 66. Calculate i(-8).
-18
Let a(y) = y**3 + 59*y**2 + 58*y - 132. Give a(-58).
-132
Let p(r) = r**3 + r**2 + 5*r - 11. Determine p(0).
-11
Let g(r) = 542*r + 3215. Determine g(-6).
-37
Let t(y) = -y**3 - 3*y**2 + 10*y - 11. What is t(-5)?
-11
Let l(w) = -1275*w - 8917. Calculate l(-7).
8
Let k(o) = -o**3 - 6*o**2 + 28*o + 72. Determine k(-8).
-24
Let w(q) = 754*q + 3000. Calculate w(-4).
-16
Let q(t) = -t**2 + 9*t - 152. Give q(19).
-342
Let l(v) = v**3 + 26*v**2 + 91*v + 87. Calculate l(-22).
21
Let n(x) = 39*x - 2269. Determine n(58).
-7
Let f(d) = 3*d**2 + 30*d + 11. What is f(-12)?
83
Let l(a) = 75*a**2 - 42*a - 2. What is l(1)?
31
Let o(a) = -9*a + 61. What is o(10)?
-29
Let k(y) = -2*y**2 - 15*y - 4. Calculate k(-4).
24
Let o(l) = -3*l**2 + 12*l - 42. Give o(13).
-393
Let w(p) = -p**2 + p + 1265. What is w(39)?
-217
Let x(g) = -g**3 + 27*g**2 + 28*g - 92. Determine x(28).
-92
Let s(b) = b**3 + 108*b**2 + 704*b - 319. Calculate s(-101).
-16
Let j(c) = -c**2 - 488*c - 23824. Give j(-55).
-9
Let b(q) = -2*q - 239. What is b(0)?
-239
Let a(s) = -6*s**2 - 97*s + 197. What is a(-18)?
-1
Let p(y) = y**3 + 74*y**2 + 468*y - 65. What is p(-67)?
2
Let w(m) = -51*m + 3236. Calculate w(63).
23
Let i(u) = -12*u**3 - 31*u**2 - 8*u + 5. What is i(-2)?
-7
Let y(z) = 317*z + 10738. What is y(-34)?
-40
Let l(g) = g**2 + 98*g + 621. What is l(-7)?
-16
Let q(s) = -7*s + 11. Give q(-6).
53
Let i(j) = j**3 + 21*j**2 + 16*j - 78. Give i(-20).
2
Let o(p) = 2*p**3 + 38*p**2 + 2*p - 30. Determine o(-19).
-68
Let q(b) = 6*b**2 + 77*b - 240. Give q(-16).
64
Let i(a) = a**2 - 24*a + 94. What is i(20)?
14
Let l(s) = -4*s**2 - 266*s - 4246. Determine l(-40).
-6
Let z(j) = -62*j - 815. What is z(-13)?
-9
Let x(d) = -d**2 - 485*d + 9627. Give x(19).
51
Let x(w) = -2*w**2 - 28*w - 40. What is x(-12)?
8
Let q(f) = 100*f**2 + 9*f - 3. Give q(-2).
379
Let v(p) = -655*p - 1318. Give v(-2).
-8
Let u(l) = -l**3 + 31*l**2 + 132*l + 92. Determine u(35).
-188
Let k(j) = j**2 - 193*j + 7047. Give k(49).
-9
Let i(j) = -5*j**2 + 28*j - 44. What is i(7)?
-93
Let x(u) = 14*u - 20. Determine x(8).
92
Let f(u) = 2*u**2 - 18*u - 188. Calculate f(15).
-8
Let h(b) = -101*b + 273. What is h(2)?
71
Let y(k) = k**3 + 9*k**2 - 2629*k + 123. Calculate y(-56).
-45
Let p(c) = -c**2 - 139*c - 4445. Give p(-50).
5
Let k(u) = -17*u**2 + 299*u - 747. What is k(3)?
-3
Let b(y) = -y + 34. Determine b(38).
-4
Let u(x) = -x**3 + 7*x**2 + 16*x - 236. What is u(7)?
-124
Let f(m) = -184*m + 6. Determine f(1).
-178
Let w(f) = f**3 + 6*f**2 - 439*f + 129. Calculate w(18).
3
Let q(l) = l**2 + 113*l + 1050. Calculate q(-10).
20
Let n(h) = -h**2 + 213*h + 1062. Calculate n(-5).
-28
Let q(u) = u**3 + 8*u**2 - 5*u - 84. Give q(-7).
0
Let w(a) = 2*a**3 - 13*a**2 - 18*a - 25. Calculate w(8).
23
Let g(v) = 2*v**3 - 60*v**2 + 146*v - 964. Calculate g(28).
-12
Let j(i) = 4*i + 2. Calculate j(-23).
-90
Let y(u) = -527*u + 1632. Calculate y(4).
-476
Let m(t) = -170*t + 62. Calculate m(4).
-618
Let f(x) = x**3 - 41*x**2 + 555*x - 6008. Determine f(29).
-5
Let q(m) = -4*m**3 + 159*m**2 + 41*m - 56. Calculate q(40).
-16
Let n(r) = -r + 12. Give n(13).
-1
Let f(c) = -3*c**3 - 63*c**2 + 4*c + 29. Determine f(0).
29
Let q(y) = -2*y**3 + 7*y**2 + 37*y - 29. Give q(6).
13
Let p(n) = 2*n**3 - 87*n**2 - 249*n + 5136. Calculate p(45).
6
Let r(t) = 225*t**2 + t + 297. What is r(0)?
297
Let o(x) = -3*x**3 - x**2 + 92*x + 17. Give o(-7).
353
Let q(a) = -583*a - 2896. Calculate q(-5).
19
Let v(k) = -k**2 + 2*k + 42. Determine v(-7).
-21
Let d(z) = 2429*z + 82578. Determine d(-34).
-8
Let m(v) = -83*v + 8. Determine m(-1).
91
Let q(f) = 2*f**2 - 588*f + 15377. Give q(29).
7
Let o(c) = -267*c**2 - 265*c - 4. What is o(-1)?
-6
Let t(h) = 3*h**2 - 19*h + 110. Determine t(7).
124
Let p(w) = -11*w**3 - 7*w**2 + 20*w - 5. What is p(-4)?
507
Let u(s) = 2*s**3 - 4*s**2 - 9*s + 3. Determine u(3).
-6
Let b(v) = -3600*v + 7203. Determine b(2).
3
Let k(w) = 2*w**3 + 15*w**2 + 31*w + 90. Give k(-6).
12
Let s(h) = -172*h + 1548. What is s(9)?
0
Let q(a) = a**3 + 9*a**2 + 10*a + 25. Determine q(-8).
9
Let r(w) = -358*w + 3152. What is r(9)?
-70
Let t(f) = -21*f**2 + 34*f - 60. Calculate t(2).
-76
Let a(i) = -i**2 + 25*i - 23. Calculate a(6).
91
Let j(h) = h**3 - 14*h**2 + 33*h - 15. Calculate j(9).
-123
Let o(v) = -v**3 + 43*v**2 - 8. Give o(43).
-8
Let o(w) = -w**3 - 46*w**2 - 130*w - 27. Give o(-43).
16
Let q(i) = 8*i**2 - 916*i - 464. Calculate q(115).
-4
Let k(m) = -m**3 - 4*m**2 - 4*m - 21. Give k(-4).
-5
Let y(l) = -4*l**2 + 262*l - 2960. Calculate y(51).
-2
Let n(u) = 13*u**3 - 219*u**2 - 39*u + 81. Give n(17).
-4
Let x(f) = 11*f**2 - 1295*f + 945. What is x(117)?
9
Let g(p) = 101*p - 18375. Give g(182).
7
Let f(m) = 121*m - 39081. Give f(323).
2
Let y(c) = -2*c**2 + 33*c - 65. Determine y(14).
5
Let b(c) = 9334*c - 196015. Give b(21).
-1
Let c(v) = 8*v**2 + 215*v - 10. Determine c(-29).
483
Let g(t) = 39*t**2 + 88*t - 85. What is g(1)?
42
Let m(i) = -164*i + 4590. Give m(28).
-2
Let j(b) = 3402*b + 17086. What is j(-5)?
76
Let j(p) = -711*p + 9180. Determine j(13).
-63
Let r(y) = 613*y + 14095. Give r(-23).
-4
Let t(s) = -s**3 - 23*s**2 - 62*s - 893. Give t(-22).
-13
Let l(d) = d**2 - 20*d - 3381. Determine l(-49).
0
Let o(n) = -n**2 + 2*n + 590. Calculate o(26).
-34
Let f(x) = 15*x**2 + 133*x - 44. Give f(-8).
-148
Let i(l) = 53*l - 14. Determine i(-7).
-385
Let u(s) = -7*s - 25. Calculate u(-16).
87
Let j(t) = 2*t**3 - 22*t**2 + 23*t - 25. What is j(10)?
5
Let d(v) = 6*v**2 + 562*v + 1637. What is d(-3)?
5
Let p(x) = x**2 + 167*x + 793. Determine p(-5).
-17
Let u(x) = -x**3 + 22*x**2 + 26*x + 509. What is u(24)?
-19
Let v(m) = m**3 - 6*m**2 - 3*m + 29. Calculate v(5).